Let q(h) = -144*h - 22369. What is q(-153)?
-337
Let d(p) = p**3 + 52*p**2 - 622*p + 61. Determine d(14).
4289
Let u(b) = 24*b**2 + 3405*b - 474. Give u(-142).
-48
Let w(f) = -f**2 - 185*f - 7353. Calculate w(-65).
447
Let t(i) = 2*i**3 + 149*i**2 - 72*i + 591. Calculate t(-75).
366
Let c(u) = 701*u - 10481. What is c(15)?
34
Let n(q) = 2203*q - 11128. Give n(5).
-113
Let c(k) = -51*k**2 - 1644*k - 75. Determine c(-32).
309
Let x(j) = -8*j**2 + 12*j - 604. Determine x(14).
-2004
Let a(w) = 3*w**3 + 677*w**2 - 1591*w + 1250. Calculate a(-228).
110
Let j(x) = 34200*x - 991702. Calculate j(29).
98
Let b(i) = -i**3 - 141*i**2 - 3495*i - 217. Calculate b(-32).
7
Let u(k) = 4492868*k + 22464347. Calculate u(-5).
7
Let n(k) = -496*k - 18984. Give n(-43).
2344
Let x(v) = -18*v + 124. Calculate x(34).
-488
Let k(i) = -i**3 + 56*i**2 - 70*i + 1077. Give k(55).
252
Let r(i) = -i**2 + 135*i + 8007. Determine r(179).
131
Let m(a) = -15*a**2 + 644*a - 1742. Determine m(40).
18
Let n(v) = 3992*v + 1037627. Calculate n(-260).
-293
Let q(i) = 12*i**3 - 10*i**2 - 347*i - 938. Determine q(-3).
-311
Let q(l) = 33164*l + 6. Calculate q(0).
6
Let y(c) = -16*c**2 + 13*c + 1130. Determine y(0).
1130
Let t(k) = -107*k**2 - 5770*k + 445. Calculate t(-54).
13
Let d(u) = 3*u**3 - 91*u**2 - 540*u + 17113. Determine d(30).
13
Let o(b) = -492*b - 131480. Determine o(-267).
-116
Let m(p) = -33218*p + 1494746. Give m(45).
-64
Let n(j) = -17335*j - 190686. Calculate n(-11).
-1
Let i(r) = -4*r**2 - 384*r + 2599. What is i(7)?
-285
Let w(i) = -3*i**3 + 15*i**2 + 98*i + 125. Calculate w(-2).
13
Let z(q) = 7*q**2 - 671*q - 671. Give z(-1).
7
Let w(i) = -40*i**2 - 1429*i + 301. Calculate w(-36).
-95
Let a(d) = -25*d**3 - 273*d**2 + 4984*d + 54575. Determine a(-11).
-7
Let s(j) = -j**2 - 107*j + 1467. Calculate s(-110).
1137
Let v(h) = -5559*h + 82792. What is v(16)?
-6152
Let q(h) = -h**3 - 405*h**2 + 54*h + 21876. Give q(-405).
6
Let j(o) = -o**2 + 29*o - 1130. Calculate j(0).
-1130
Let l(b) = -44*b - 4529. Calculate l(-111).
355
Let r(u) = 1035*u - 2965. Give r(3).
140
Let v(x) = 180*x**3 - 181798*x**2 - 2014*x - 6082. Give v(1010).
-22
Let j(u) = 29*u**2 + 432*u - 133. Give j(-15).
-88
Let n(q) = 601*q**2 - 83*q + 78. Determine n(1).
596
Let j(a) = 326670*a - 326666. Determine j(1).
4
Let u(j) = -7581*j - 1645077. Calculate u(-217).
0
Let d(c) = -790*c + 6101. Give d(8).
-219
Let p(n) = -28*n**2 - 2*n. What is p(-1)?
-26
Let c(y) = -y**3 - 30*y**2 + 10317*y + 318864. Calculate c(-31).
-2
Let v(z) = -4167*z + 262678. What is v(63)?
157
Let r(s) = -18*s**3 - 7*s**2 + 45*s - 96. Calculate r(3).
-510
Let o(y) = -y**3 + 24*y**2 + 502*y - 12021. What is o(22)?
-9
Let g(y) = -24*y**3 + 93*y**2 - 76*y + 332. Calculate g(4).
-20
Let s(r) = -r**3 + 125*r**2 - 920*r + 11113. What is s(118)?
21
Let m(u) = -4*u**3 - 111*u**2 - 400*u - 2. What is m(-4)?
78
Let m(w) = -w**2 + 1201*w - 69514. Calculate m(61).
26
Let v(x) = x**3 + 90*x**2 + 581*x - 100. Determine v(-83).
-100
Let a(n) = 94*n**3 + 3*n**2 + 4*n + 1. What is a(-2)?
-747
Let i(q) = 9039*q - 46226. Calculate i(5).
-1031
Let d(j) = 3*j**2 + j - 190. Determine d(-9).
44
Let x(y) = -y**3 + 83*y**2 + 818*y - 8081. Determine x(91).
109
Let h(t) = -t**3 - 169*t**2 - 3*t - 198. Determine h(-169).
309
Let i(v) = -11*v**2 + 12*v + 2669. What is i(-15)?
14
Let i(x) = -8735*x - 471686. Give i(-54).
4
Let j(n) = -4*n**3 + 64193*n**2 - 705640*n. Calculate j(11).
-11
Let n(f) = 327*f + 4780. Give n(-14).
202
Let g(w) = 22*w**3 + 87*w**2 - 22*w - 312. Give g(2).
168
Let w(m) = 18136*m - 2665956. What is w(147)?
36
Let q(s) = -2240*s - 367503. Calculate q(-164).
-143
Let o(z) = -z**2 - 10390*z + 406759. Determine o(39).
28
Let f(y) = 184822*y + 2217872. Calculate f(-12).
8
Let m(r) = -31*r**3 + 2171*r**2 + 2*r - 5080. Give m(70).
-40
Let w(p) = 110*p**2 + 56*p - 201. Calculate w(4).
1783
Let m(w) = w**3 - 12*w**2 - 890*w + 11361. Give m(13).
-40
Let l(m) = m**2 + 1904*m + 799998. What is l(-626)?
-30
Let t(h) = -5412*h + 107967. What is t(20)?
-273
Let f(x) = -20*x**2 + 42*x - 116. Calculate f(3).
-170
Let v(o) = -2183*o + 1128704. Calculate v(517).
93
Let d(m) = -16*m**2 - 7159*m + 33106. Give d(-452).
110
Let k(q) = -31*q + 605. Give k(-11).
946
Let k(j) = -224*j**2 - 442*j - 20. What is k(-4)?
-1836
Let c(l) = -l**3 + 5*l**2 - 3784*l + 11336. Give c(3).
2
Let z(w) = -4*w**2 - 139*w + 2770. Determine z(17).
-749
Let t(d) = -d**2 + 121*d - 3340. What is t(46)?
110
Let z(y) = 55*y**3 - 609*y**2 + 9*y + 349. Give z(11).
-36
Let u(o) = -82*o**3 + 6*o**2 + 32*o + 43. Determine u(-3).
2215
Let l(v) = v**3 + 17*v**2 - 29*v - 376. Determine l(-4).
-52
Let m(o) = 43*o**3 + 54*o**2 + 36*o + 71. Determine m(-2).
-129
Let d(t) = -4*t**3 - 17*t**2 + 65*t + 211. Give d(-9).
1165
Let s(n) = 524*n + 2613. Calculate s(-5).
-7
Let x(n) = -23*n**2 - 142*n + 26. Calculate x(-6).
50
Let i(h) = -51*h**3 + 35*h**2 - 29*h - 7. What is i(1)?
-52
Let d(m) = -3*m**3 + 52*m**2 - 3*m + 17. What is d(17)?
255
Let a(x) = -16*x**2 + 151*x + 15. Calculate a(7).
288
Let j(f) = -f**2 - 3197*f - 28695. Calculate j(-9).
-3
Let v(n) = -6*n**3 - 5720*n**2 - 1779*n + 121026. Give v(-953).
-5
Let a(t) = 3057*t + 21451. Give a(-7).
52
Let i(n) = 48*n**2 - 3170*n + 124. Calculate i(66).
-8
Let h(s) = s**2 - 266*s + 17740. Determine h(136).
60
Let t(k) = 31388*k + 32969. Calculate t(-1).
1581
Let t(g) = 2*g**2 - 1525*g - 16973. What is t(-11)?
44
Let x(n) = 171*n - 25563. What is x(153)?
600
Let h(b) = 18*b**2 + 3192*b + 34908. What is h(-11)?
1974
Let g(c) = -564*c - 58188. What is g(-102)?
-660
Let m(r) = -1237879*r + 25995462. Determine m(21).
3
Let a(m) = 3805*m**2 + 7620*m + 49. Give a(-2).
29
Let r(h) = 18398*h - 846485. Calculate r(46).
-177
Let w(x) = -10*x**2 - 204*x + 1629. Determine w(-27).
-153
Let r(u) = 51*u**2 - 2*u - 38. What is r(-4)?
786
Let s(m) = 347*m + 6731. Calculate s(-19).
138
Let j(u) = -6*u**2 - 9910*u + 499986. What is j(49)?
-10
Let p(q) = 91*q - 6661. What is p(71)?
-200
Let v(u) = 254*u**2 - 11171*u - 218. Determine v(44).
2
Let v(h) = 273*h - 3560. Give v(24).
2992
Let l(p) = 277655*p + 9440254. What is l(-34)?
-16
Let w(c) = -1165*c**3 + 3*c**2 + 14*c + 10. Determine w(0).
10
Let d(r) = 8540*r + 7641. Give d(-1).
-899
Let d(f) = -f**3 + 77*f**2 + 2848*f + 323. Determine d(-27).
-757
Let c(z) = 6*z**2 + 600*z + 7188. Calculate c(-86).
-36
Let q(x) = 17*x**2 - 78*x - 21. What is q(5)?
14
Let y(a) = -25*a**3 - 2131*a**2 - 701*a - 16240. Calculate y(-85).
-5
Let n(p) = 3177*p - 1245423. Give n(392).
-39
Let b(x) = -25*x**2 + 909*x - 22. Calculate b(38).
-1580
Let t(k) = -k**3 - 129*k**2 + 1822*k - 54. Determine t(13).
-366
Let n(j) = -114*j**2 + 141*j - 645. What is n(5)?
-2790
Let i(s) = 105*s + 536. Give i(-9).
-409
Let v(i) = -i**3 + 20*i**2 - 62*i + 349. Give v(18).
-119
Let c(i) = -i**3 - 94*i**2 - 185*i + 166. What is c(-92)?
258
Let p(t) = -459*t - 17441. Calculate p(-38).
1
Let u(p) = 2*p**2 + 6112*p + 115297. What is u(-19)?
-109
Let u(t) = 5*t**3 - 99*t**2 - 357*t - 2. What is u(-4)?
-478
Let x(t) = -3*t**3 - 155*t**2 + 5459*t - 255. Determine x(24).
9
Let f(m) = 19*m**3 + 1063*m**2 - 78*m - 1334. Determine f(-56).
-102
Let v(z) = 18172*z + 308953. Determine v(-17).
29
Let g(t) = t**3 + 860*t**2 - 6971*t - 23435. Determine g(-868).
1
Let r(h) = -h**3 - 87*h**2 - 416*h + 97. Give r(-82).
589
Let b(d) = -59*d - 14636. Give b(-248).
-4
Let b(w) = 351*w**2 - 3078*w + 6620. What is b(5)?
5
Let g(f) = -7*f**3 - 4346*f**2 + 629*f + 5024. Determine g(-621).
56
Let m(u) = 20*u**2 - 983*u - 2869. Determine m(52).
95
Let r(d) = 3850*d**2 + 544*d + 547. Calculate r(-1).
3853
Let h(w) = -186*w + 12070. Calculate h(72).
-1322
Let w(c) = -23*c**3 - 4*c**2 - 7181*c - 14346. Give w(-2).
184
Let n(u) = -10*u**3 + 17*u**2 + 1023*u - 2. What is n(11)?
-2
Let y(t) = -919817*t + 919819. What is y(1)?
2
Let h(y) = -136*y**2 + 595*y - 24. Determine h(5).
-449
Let v(s) = -138*s**2 + 1091*s + 112. Calculate v(8).
8
Let l(i) = 295*i + 5665. Give l(-19).
60
Let d(z) = -4299*z + 292381. Determine d(68).
49
Let w(v) = -642*v - 1424. Determine w(-3).
502
Let g(u) = -124918*u - 874425. Give g(-7).
1
Let w(h) = h**3 + 79*h**2 - 258*h - 36964. Give w(-76).
-28
Let d(z) = 3553*z + 